)*(0 - -1) + b.
3, 5, 7
What are the prime factors of 24583 + (-154)/(198/18)?
79, 311
Let k = 8 + 9. Suppose -2*g - 4 = 0, 0 = -0*d + 5*d - g - k. Suppose 0 = p + 5, -5*i - d*p - p = -240. List the prime factors of i.
2, 13
Let o(h) be the third derivative of -h**6/120 - h**5/4 - 7*h**4/12 + 11*h**3/3 + 2*h**2. What are the prime factors of o(-14)?
2, 11
Suppose -3*l - 12 = 9, -65513 = -3*a - l. List the prime factors of a.
2, 3, 5, 7, 13
List the prime factors of ((-1002534)/429)/((12/24)/((-22)/4)).
2, 12853
Let f = -4 - 9. Let m(p) = -p**2 - 31*p - 89. What are the prime factors of m(f)?
5, 29
Suppose -1668*z + 1685*z = 598825. List the prime factors of z.
5, 1409
Let b(h) = 861*h + 8931. List the prime factors of b(5).
2, 3, 1103
List the prime factors of -987*((-110)/(-11) - 9 - 38).
3, 7, 37, 47
Let a = 530 + -13. Let n = 865 - a. What are the prime factors of n?
2, 3, 29
Let p(s) = -9 + 4*s**2 + 6 + 1 - 8*s**2 - 56*s**3 - 3*s. What are the prime factors of p(-2)?
2, 109
Suppose -4*d + 12 = 2*c + 66, 0 = 4*d + 4*c + 60. Let b(j) = j**3 + 14*j**2 + 29*j + 9. Let m be b(d). Let f = -17 - m. List the prime factors of f.
2, 17
Suppose 3*b = -153 - 636. Let c(k) = -97*k - 18. Let g be c(4). Let x = b - g. List the prime factors of x.
11, 13
Let b(z) = -z**3 + 7*z**2 + 3*z - 16. Suppose 6*y + 4*n = 3*y + 5, 0 = -5*n - 20. Let w be b(y). Suppose 65 = w*o - 635. What are the prime factors of o?
2, 5, 7
Suppose 0 = -5*b - 0*a - 2*a, 0 = 2*b + 2*a. Suppose b = 4*g - 15*g + 3663. What are the prime factors of g?
3, 37
Suppose -2*d = -5*d + 5*f + 5, 1 = -3*d - f. Let j(z) = -z**2 - 3*z + 209. Let x be j(d). Let s = x + -121. What are the prime factors of s?
2, 11
Let w = -13 - -8. Let a(o) = 4*o**2 + 209*o - 198*o + 11 + 9. What are the prime factors of a(w)?
5, 13
Let a = 7511 - 1477. List the prime factors of a.
2, 7, 431
Let b(j) = 21*j**2 + j - 3. Let h(n) = n**2 - 14*n + 28. Let c be h(12). Let y(o) = o**3 - 5*o**2 + 5*o - 6. Let a be y(c). What are the prime factors of b(a)?
79
Suppose -11*c = -0*c - 231. Let w be ((-18)/c)/(3/(7*-6)). List the prime factors of w/8*82/3.
41
Let f = -117 - -99. Let b be (24/f)/(4/(-6)). What are the prime factors of (-1400)/(-12) - b/(-9)*-3?
2, 29
Let u(h) be the third derivative of -25*h**4/8 + 271*h**3/6 - 3*h**2 - 8*h. List the prime factors of u(-11).
2, 137
What are the prime factors of -8807*(-120)/96 - 3/4?
2, 43
Let m = 20 + 3. Let t be (m/(-4))/(-3 + (-141)/(-48)). What are the prime factors of (1 - 4) + t + -18?
71
Let a(z) = z**2 + 15*z - 46. Let s be -12 + 23 + (-1)/1. List the prime factors of a(s).
2, 3, 17
Suppose 20203 = 3*q + 6*m - 5*m, 0 = -5*q - 5*m + 33655. What are the prime factors of q?
2, 421
Let n be (-10)/(-2) + (-4 - -3)*-2. Suppose -2*i - 4*t = -n*i - 5, 2*t = 4*i + 4. What are the prime factors of (-2635)/(-30) + i/(-6)?
2, 11
Suppose -4*h + b + 180 = -161, 5*h = 5*b + 430. Let k = h - 81. What are the prime factors of (-13416)/(-108) - k/18?
2, 31
Suppose 6*v - 44*v + 1465363 = 466989. List the prime factors of v.
13, 43, 47
Let p = 2258 + 37632. List the prime factors of p.
2, 5, 3989
Let t = -25731 + 44735. List the prime factors of t.
2, 4751
Suppose 36*h + 122759 = 55*h. List the prime factors of h.
7, 13, 71
Let s(h) = -2880*h + 920. What are the prime factors of s(-10)?
2, 5, 743
What are the prime factors of (-75018)/(-6) - (-84 - -78)?
7, 1787
Let o = 9464 - -6776. What are the prime factors of o?
2, 5, 7, 29
Let u = 21764 + -11547. What are the prime factors of u?
17, 601
Let s(y) = 251*y + 327. What are the prime factors of s(43)?
2, 5, 139
Suppose -410*a = -204*a - 158*a - 1975392. What are the prime factors of a?
2, 3, 19
Let w = 27 - 28. What are the prime factors of (-2 - 1*w)/(94/(-18048))?
2, 3
Let z = 315 - 312. Suppose -z*h + h = -5*k - 473, 3*h - 719 = -2*k. What are the prime factors of h?
239
Suppose 6*t - 5*s - 32 = 4*t, 2*t - 14 = -4*s. Let n = t - 7. Suppose 4*j + 4*x - 179 = 685, n*j + 2*x - 864 = 0. What are the prime factors of j?
2, 3
Let j(f) = 65*f + 14. Let g be j(-2). Let d = g - -469. What are the prime factors of d?
353
Let i be 2/(-4 + 550/135). Suppose -33 = -4*h + 3*u + i, h = -5*u - 8. What are the prime factors of -2 + 2 - (h*-2 - 2)?
2, 13
Let v(c) = 7*c**2 - 5*c - 14. Suppose -q + 88 - 78 = 0. List the prime factors of v(q).
2, 3, 53
Let t(q) be the first derivative of q**6/40 - q**5/40 - q**4/4 - 16*q**3/3 + 4. Let y(v) be the third derivative of t(v). What are the prime factors of y(-3)?
2, 3, 7
Let v(m) = 3*m - 102. Let c be v(34). List the prime factors of 8/(-10) + c + (-10283)/(-35).
293
Let r be ((-1040)/(-170) - (-4)/(-34)) + 1650. What are the prime factors of (-8 - -1 - -7) + r?
2, 3, 23
Let z(g) = -2*g**3 + 20*g**2 - g + 111. Let s(n) = -n**3 - 3*n - 1. Let i(x) = 3*s(x) - z(x). List the prime factors of i(-21).
3, 5, 11
Let a = -120 + 217. Suppose 10*n - a = -17. Suppose -3*k + n = -1, 0 = -4*h + 5*k + 389. List the prime factors of h.
101
Let u(o) = o**3 - 17*o**2 - 75*o - 32. Suppose -29*j + 23*j + 138 = 0. What are the prime factors of u(j)?
13, 109
Let k(p) = p + 14. Suppose 2*v = -6 - 12. Let m be k(v). Suppose j = 2*j + m, 15 = b + 4*j. List the prime factors of b.
5, 7
Suppose 13*a + 75 = 1700. Let k(w) = 14*w**2 - 2*w + 4. Let p be k(4). Let o = p - a. List the prime factors of o.
5, 19
Let h(n) = 538*n**2 - 50*n + 200. What are the prime factors of h(4)?
2, 269
Let p = 31 + -33. Let g be (4/4)/(p/398). Let a = -131 - g. List the prime factors of a.
2, 17
Let n(s) be the first derivative of -63*s**2 + 20*s - 48. What are the prime factors of n(-2)?
2, 17
Let z(m) be the second derivative of -m**5/20 - 3*m**4/4 - 5*m**3/3 - 17*m**2 - 30*m. What are the prime factors of z(-9)?
2, 7
Let x = -12838 + 17095. List the prime factors of x.
3, 11, 43
Let n = 52 - 37. List the prime factors of (-8)/(-40) + 3042/n.
7, 29
Let d(o) = o**3 - 16*o**2 - 19*o + 18. Let w be d(18). Let a = 146 - w. List the prime factors of (3/21*7)/((-2)/a).
89
Suppose 4*t + 2279 + 37201 = 4*s, -s - 3*t = -9874. What are the prime factors of s?
9871
Let u be 1/((-7)/14 + 1). What are the prime factors of ((-504)/(-60))/(u/65)?
3, 7, 13
Suppose -5*n = -12*n. Suppose 1075 = 2*y - 3*o, n = 2*y - 5*y - 3*o + 1575. List the prime factors of y.
2, 5, 53
Let v = -9681 - -12865. What are the prime factors of v?
2, 199
Suppose 10*q - 11 = 39. Suppose 3*d + 4*m = d + 1238, q*d - 3065 = 5*m. What are the prime factors of d?
3, 5, 41
List the prime factors of 6 + 30/(-4) + -6 + (-148377)/(-6).
2, 47, 263
Suppose -17*w - 3*z = -20*w + 128367, 0 = -3*w - 4*z + 128346. List the prime factors of w.
2, 3, 2377
Let s = -81 + 67. Let w be 63/((-3 + 4)*1). List the prime factors of (-706)/(-18) + s/w.
3, 13
What are the prime factors of 9/(396/(-8)) + (6 - 131405/(-55))?
5, 479
Let j be 5/2*5*(-960)/100. Let t = -114 - j. Suppose -181 = -t*y + 311. What are the prime factors of y?
2, 41
Suppose -3*j = 2*w - 72407, 0 = -4*w - 390 + 394. List the prime factors of j.
3, 5, 1609
Suppose -175*y + 149069 + 524858 = -26*y. What are the prime factors of y?
4523
Let k = -3 - 5. Let w be 1*4/(-8)*(k - -2). Suppose -4*i + w*y - 7*y + 148 = 0, 5*y - 105 = -3*i. What are the prime factors of i?
2, 5
Let z(r) = -r**3 + 57*r**2 - 82*r + 37. List the prime factors of z(43).
22397
Suppose -164*i + 481440 = -44*i. What are the prime factors of i?
2, 17, 59
Let m be -8 + (8 + 38)/2. List the prime factors of m/2*(2 - -118).
2, 3, 5
What are the prime factors of 3*9820/15 - -3?
7, 281
What are the prime factors of (-9)/(-60) - 36761677/(-2020)?
18199
Suppose 4*a - 50 = 2*a + 4*i, 5*a + 2*i - 101 = 0. Suppose 25*h - 1444 = a*h. What are the prime factors of h?
19
Let n = 45 - 43. Suppose -4 = -n*o - 2. What are the prime factors of o + ((-1442)/(-28))/((-1)/(-2))?
2, 13
Let z(c) = -9 + 38*c - 5 - 10 + 21. Let l be z(-8). Let o = -197 - l. What are the prime factors of o?
2, 5, 11
Let d(s) = 5*s**2 + 27*s - 117. Suppose 0 = 6*b - 19*b - 208. List the prime factors of d(b).
17, 43
Let c(x) = -8*x - 51. Let j be c(-7). Suppose -j*g - l = -0*g - 319, -127 = -2*g - l. List the prime factors of g.
2
Let k = 958 + -662. Let o = 55 + -142. Let q = k + o. What are the prime factors of q?
11, 19
Le